{"id":360,"date":"2024-05-06T10:44:00","date_gmt":"2024-05-06T10:44:00","guid":{"rendered":"https:\/\/ekoinwest.host218151.xce.pl\/?post_type=inwestycja&#038;p=360"},"modified":"2024-05-08T08:09:19","modified_gmt":"2024-05-08T08:09:19","slug":"szczecin-budynek-rdlp-6","status":"publish","type":"inwestycja","link":"https:\/\/eko-inwest.com.pl\/en\/inwestycja\/szczecin-budynek-rdlp-6\/","title":{"rendered":"Przebudowa dachu Liceum Og\u00f3lnokszta\u0142c\u0105cego z Oddzia\u0142ami Integracyjnymi im. Mieszka I w \u015awinouj\u015bciu"},"content":{"rendered":"<p class=\"has-medium-font-size\"><\/p>\n\n\n\n<p class=\"has-medium-font-size\"><\/p>\n\n\n\n<p><\/p>","protected":false},"featured_media":910,"template":"","meta":{"_acf_changed":false},"funkcja":[],"kategoria":[21],"itag":[36],"class_list":["post-360","inwestycja","type-inwestycja","status-publish","has-post-thumbnail","hentry","kategoria-architektura","itag-architektura"],"acf":[],"_links":{"self":[{"href":"https:\/\/eko-inwest.com.pl\/en\/wp-json\/wp\/v2\/inwestycja\/360","targetHints":{"allow":["GET"]}}],"collection":[{"href":"https:\/\/eko-inwest.com.pl\/en\/wp-json\/wp\/v2\/inwestycja"}],"about":[{"href":"https:\/\/eko-inwest.com.pl\/en\/wp-json\/wp\/v2\/types\/inwestycja"}],"wp:featuredmedia":[{"embeddable":true,"href":"https:\/\/eko-inwest.com.pl\/en\/wp-json\/wp\/v2\/media\/910"}],"wp:attachment":[{"href":"https:\/\/eko-inwest.com.pl\/en\/wp-json\/wp\/v2\/media?parent=360"}],"wp:term":[{"taxonomy":"funkcja","embeddable":true,"href":"https:\/\/eko-inwest.com.pl\/en\/wp-json\/wp\/v2\/funkcja?post=360"},{"taxonomy":"kategoria","embeddable":true,"href":"https:\/\/eko-inwest.com.pl\/en\/wp-json\/wp\/v2\/kategoria?post=360"},{"taxonomy":"itag","embeddable":true,"href":"https:\/\/eko-inwest.com.pl\/en\/wp-json\/wp\/v2\/itag?post=360"}],"curies":[{"name":"wp","href":"https:\/\/api.w.org\/{rel}","templated":true}]}}

Przebudowa dachu Liceum Ogólnokształcącego z Oddziałami Integracyjnymi im. Mieszka I w Świnoujściu
